inder when q is divided by y(-5)?
3
Suppose -z + 59 - 18 = 0. What is the remainder when z is divided by 14?
13
Suppose 4 = 2*r - 32. Let h(v) = 2*v**2 - 2*v - 7. Let x be h(14). Suppose 5*g - x = -97. Calculate the remainder when g is divided by r.
16
Let u(o) = -o**2 - 10*o + 15. What is the remainder when 10 is divided by u(-11)?
2
Let v(y) = -19*y - 3. Let f be v(-7). Let j be (-1 + 0)/((-5)/f). Suppose -s + 11 = -j. Calculate the remainder when s is divided by 10.
7
Let o = 57 + -52. What is the remainder when 6 is divided by o?
1
Suppose 3*k + 100 = 5*o, -5*o + 0*k + 75 = 2*k. Let v = o - -1. Suppose -7*c + 34 = -6*c. Calculate the remainder when c is divided by v.
16
Let k(z) = z**3 - 9*z**2 + 11*z - 3. Calculate the remainder when k(8) is divided by (-36)/21*(-28)/8.
3
Let s(h) = h - 10. Let l be s(8). Let a = 4 + l. What is the remainder when 19 is divided by (-58)/(-8) - a/8?
5
What is the remainder when 42 is divided by ((-3096)/20)/(-6) + (-3)/(-15)?
16
Suppose 0 = -5*j + 2*o + 95, -5*j + 0*o + 100 = -3*o. Let h = j + -4. Calculate the remainder when 24 is divided by h.
11
Let d(w) = -w**2 + 14*w - 15. What is the remainder when 52 is divided by d(11)?
16
Let u be (-1)/((-15)/9 - -2). Let v = u + 1. What is the remainder when 16 is divided by ((-2)/v)/(-1)*-9?
7
Calculate the remainder when (2/(12/33))/((-6)/(-108)) is divided by 20.
19
Let j(w) = w**3 - w**2 + w - 2. Let v be j(2). Suppose -a = -v*z + 10, 4*a - 8 - 3 = -z. Calculate the remainder when z is divided by 2.
1
Let s = -3 - -11. Let r be (4 + -7)*4/(-6). What is the remainder when ((-10)/6)/(r/(-18)) is divided by s?
7
Suppose -14*p - 140 = -18*p. Calculate the remainder when p is divided by 12.
11
Let y = 3 - -2. Calculate the remainder when y is divided by 3.
2
Suppose 5*o = 3*o + 48. What is the remainder when 69 is divided by o?
21
Let o = 2 - -3. Suppose 0 = m + c - 5, -3*m + 0*m = -c - 7. Suppose -m*u + 22 = -4*y, 0 = 2*u - y + 3*y + 4. What is the remainder when o is divided by u?
1
Suppose -2*d = 2*d. Let z be 5 - (-1 - (-2 + d)). Calculate the remainder when ((-22)/(-6))/(z/12) is divided by 4.
3
Suppose 0 = -4*s - s + 3*g + 64, -3*s - 5*g = -18. What is the remainder when 31 is divided by s?
9
Let o(b) = b**2 - 11*b - 27. Calculate the remainder when o(14) is divided by 5.
0
Suppose -97 = -7*t + 8. Suppose 35 = 2*x - 83. Calculate the remainder when x is divided by t.
14
Let o(l) = -l**3 - 9*l**2 + 2*l - 2. Let z be -7 + -2 + 1 + -1. Let g be o(z). Calculate the remainder when 35 is divided by (g/(-15))/(2/27).
17
Suppose 0 = v - 7 + 4. What is the remainder when v is divided by 2?
1
Suppose -6 - 32 = -h. What is the remainder when h is divided by 5?
3
Let h(q) = -12*q. What is the remainder when h(-3) is divided by 1*(-68)/(-8) - (-6)/4?
6
Let p(q) = 3*q**2 - 5*q + 3. Let m be 4 + -1 + (-4)/(-2). What is the remainder when p(m) is divided by 18?
17
Let p = -15 + 9. Let b be ((-8)/2)/(p/9). What is the remainder when 66/(b/(-8)*-2) is divided by 15?
14
Suppose -3*n = -r - 4*r + 19, r + 4*n - 13 = 0. Let w(t) = -t**3 + 2*t - r*t - 4*t + 9*t**2 + 12. Calculate the remainder when w(8) is divided by 11.
9
Let t = 7 - 2. What is the remainder when (-1547)/(-85) + (-1)/5 is divided by t?
3
Let c = -33 + 43. What is the remainder when 19 is divided by c?
9
Let u = 1 - -3. Let z = -1 + u. Suppose 14 = 3*t + 2. What is the remainder when t is divided by z?
1
Let w(m) = m**2 + 13*m - 26. Let u(o) = o**3 + o. Calculate the remainder when u(2) is divided by w(-15).
2
Let u = 90 - 74. What is the remainder when 76 is divided by u?
12
Let p = 18 + -25. Let b(u) = u**3 + 7*u**2 - 4*u. Let h = 12 - 2. Calculate the remainder when b(p) is divided by h.
8
Suppose 0 = -a - 1, 5*r - 3*a + 104 = -7*a. Suppose 0 = x + 4*x - 25. Calculate the remainder when 14*-2*x/r is divided by 3.
1
Let m be ((-9)/(-2))/(2/(-4)). Let z = 23 + m. What is the remainder when 27 is divided by z?
13
Suppose -3*f = -f - 10. Suppose -2 = 4*m - f*m. What is the remainder when 2 is divided by m?
0
Suppose 5*k - m = 73, 21 = 4*k - 3*m - 33. What is the remainder when k is divided by 13?
2
Suppose 29 = -2*f + 39. What is the remainder when 12 is divided by f?
2
Suppose -4*z + 5*h = -15, 0 = 4*z - 2*z + 4*h + 12. Suppose z = l - 41 - 27. Suppose 0*v - 4*v = -l. Calculate the remainder when 32 is divided by v.
15
Let q(g) = g**3 - 10*g**2 + 13*g + 2. Let r be 2 + (-10)/(-1) - 0. Calculate the remainder when q(9) is divided by r + -1*1/(-1).
12
Suppose 0 = -4*o + 4*b + 40, 6*b = -3*o + 3*b + 12. Calculate the remainder when o is divided by 6.
1
Let y be (-2)/(-3) - (-2431)/39. Let b = 124 - y. Calculate the remainder when b is divided by 2/7 + 290/14.
19
Suppose 0 = -3*z + 83 - 8. Calculate the remainder when z is divided by 14.
11
Calculate the remainder when 53 is divided by 16/(-28) + (-204)/(-14).
11
Suppose -4*q + 43 + 101 = 0. What is the remainder when q is divided by 19?
17
Calculate the remainder when (-27)/((-1 - 0) + 0) is divided by 10.
7
Let f = -22 - -163. Calculate the remainder when f is divided by 36.
33
Let d(t) = -3*t**3 - 3*t**2 + t + 2. What is the remainder when d(-3) is divided by 11?
9
Let s = 42 - 33. What is the remainder when 22 is divided by s?
4
Suppose -3*r = 3*y, -r - y - 4 = 2*y. Calculate the remainder when r is divided by 2.
0
Let h = -16 + 44. Suppose -d = 3*d - 28. Suppose 4*m = d + 33. What is the remainder when h is divided by m?
8
Let r be (4/(-10))/((-1)/10). Suppose -m = r*m - 105. Let i = 27 - 16. Calculate the remainder when m is divided by i.
10
Suppose 2*d - 6 = 3*m - 0*m, 0 = -2*d - m + 14. Let w be (d/(-15))/(1/(-5)). Suppose -w*v + 62 = -0*v. What is the remainder when v is divided by 11?
9
Suppose -3*c + 2*z = -30, -4*c = -7*c - 2*z + 18. Suppose 5*y = 3*y + c. Suppose -y*w + 16 = 0, 8 = 2*u + w - 0*w. What is the remainder when 4 is divided by u?
0
Suppose 2*q = -0*q + 10. Suppose -14 = -2*z + z. What is the remainder when z is divided by q?
4
Suppose 2*g - 30 - 32 = 0. Calculate the remainder when g is divided by 10.
1
Let a(c) = c**2 + c - 6. Let n be a(6). Suppose 0 = 4*i - 8*i + n. What is the remainder when 33 is divided by i?
6
Suppose -3*b + 4*f - 3*f - 19 = 0, 18 = -2*b - 2*f. Let z(c) = c**2 + c - 5. What is the remainder when z(b) is divided by 12 + 2/(-3 - -5)?
11
Let k = 102 + -46. Calculate the remainder when k is divided by 19.
18
What is the remainder when 97 is divided by (-2)/6 - 183/(-9)?
17
Let v(q) be the first derivative of -q**4/4 + 2*q**3 - 3*q**2 + 6*q - 4. Calculate the remainder when 25 is divided by v(4).
11
Let u(h) = h**2 + 4*h + 2. Let x be u(-4). Let s(t) = t**3 - t**2. Let c be s(x). Suppose -g - g + c = 0. Calculate the remainder when 4 is divided by g.
0
Suppose 2*p - 4*r = 4 - 10, 0 = 4*p - 5*r + 3. Let u(d) = 2*d + 2. Let c(v) = 5*v**3 - v**2 - v + 2. What is the remainder when u(p) is divided by c(1)?
3
Let r be (-2)/(-1) - (4 + 1). Let d = 7 + r. What is the remainder when (9 + 130/(-15))/(2/60) is divided by d?
2
Let h = -21 + 66. Calculate the remainder when h is divided by 19.
7
What is the remainder when (-60)/(-2) + 0/1 is divided by (24/(-10))/((-9)/30)*1?
6
Let d(t) = -t**3 - 5*t**2 - 8*t - 9. Let b be d(-6). Suppose p + b = 4*p. What is the remainder when p is divided by 9?
7
Suppose -2*h = -2*g - 68, 183 = 4*h - 5*g + 44. What is the remainder when h is divided by 11?
9
Let z(n) = n**2 + 16*n + 29. Calculate the remainder when z(-16) is divided by 5.
4
Let j = 139 - 55. Suppose -2*i - i = -j. Calculate the remainder when i is divided by 15.
13
What is the remainder when 54*((-4)/2 - 35/(-14)) is divided by 7?
6
Let o be (0 - 1)*(-111 + 1). Suppose o = x + x. What is the remainder when x is divided by 28?
27
Suppose 5*k + 2*r - 316 = 0, 0 = -2*k - 0*k - 2*r + 130. Calculate the remainder when k is divided by 13.
10
Let n(m) = m**2 - m - 6. Suppose -7 = a + 3. What is the remainder when a/((1/4)/(-1)) is divided by n(5)?
12
Suppose 5*q - 8*q + 121 = -2*u, -4*q - 3*u = -184. What is the remainder when q is divided by 5?
3
Suppose 158 = 6*r - 196. Calculate the remainder when r is divided by 6.
5
Suppose -o + 8 = 2*a, a + 2*a = -2*o + 12. What is the remainder when 9 is divided by a?
1
Suppose 78 = a + a. Let d(q)